1
List the prime factors of 33460.
2, 5, 7, 239
List the prime factors of 4020.
2, 3, 5, 67
What are the prime factors of 14196?
2, 3, 7, 13
List the prime factors of 993.
3, 331
List the prime factors of 558.
2, 3, 31
List the prime factors of 4873.
11, 443
List the prime factors of 1153.
1153
What are the prime factors of 43539?
3, 23, 631
List the prime factors of 1544.
2, 193
What are the prime factors of 5277?
3, 1759
What are the prime factors of 2226?
2, 3, 7, 53
What are the prime factors of 1712?
2, 107
List the prime factors of 909.
3, 101
What are the prime factors of 182692?
2, 45673
List the prime factors of 136950.
2, 3, 5, 11, 83
What are the prime factors of 344?
2, 43
What are the prime factors of 2289?
3, 7, 109
List the prime factors of 18740.
2, 5, 937
What are the prime factors of 3059?
7, 19, 23
What are the prime factors of 98?
2, 7
List the prime factors of 94321.
94321
List the prime factors of 44610.
2, 3, 5, 1487
What are the prime factors of 4405?
5, 881
List the prime factors of 1371.
3, 457
What are the prime factors of 17678?
2, 8839
List the prime factors of 124082.
2, 7, 8863
What are the prime factors of 9836?
2, 2459
What are the prime factors of 80172?
2, 3, 17, 131
What are the prime factors of 1176?
2, 3, 7
List the prime factors of 13675.
5, 547
List the prime factors of 12576.
2, 3, 131
List the prime factors of 20684.
2, 5171
List the prime factors of 3569.
43, 83
What are the prime factors of 54787?
54787
What are the prime factors of 69844?
2, 19, 919
What are the prime factors of 5119?
5119
What are the prime factors of 2961?
3, 7, 47
What are the prime factors of 817?
19, 43
What are the prime factors of 842?
2, 421
List the prime factors of 1889.
1889
What are the prime factors of 1431?
3, 53
What are the prime factors of 112001?
47, 2383
What are the prime factors of 96?
2, 3
What are the prime factors of 55568?
2, 23, 151
What are the prime factors of 42880?
2, 5, 67
List the prime factors of 13024.
2, 11, 37
List the prime factors of 12821.
12821
List the prime factors of 495.
3, 5, 11
What are the prime factors of 2256?
2, 3, 47
What are the prime factors of 22851?
3, 2539
What are the prime factors of 276?
2, 3, 23
List the prime factors of 9102.
2, 3, 37, 41
What are the prime factors of 1138?
2, 569
List the prime factors of 2156.
2, 7, 11
List the prime factors of 4437.
3, 17, 29
What are the prime factors of 180?
2, 3, 5
What are the prime factors of 2315?
5, 463
List the prime factors of 1038.
2, 3, 173
List the prime factors of 4677.
3, 1559
What are the prime factors of 24834?
2, 3, 4139
What are the prime factors of 35495?
5, 31, 229
List the prime factors of 150198.
2, 3, 25033
What are the prime factors of 65210?
2, 5, 6521
List the prime factors of 6578.
2, 11, 13, 23
List the prime factors of 216.
2, 3
List the prime factors of 28300.
2, 5, 283
What are the prime factors of 751?
751
List the prime factors of 2100.
2, 3, 5, 7
List the prime factors of 46563.
3, 11, 17, 83
List the prime factors of 4547.
4547
What are the prime factors of 24420?
2, 3, 5, 11, 37
What are the prime factors of 1363?
29, 47
List the prime factors of 2939.
2939
What are the prime factors of 2869?
19, 151
List the prime factors of 1675.
5, 67
What are the prime factors of 10565?
5, 2113
List the prime factors of 4134.
2, 3, 13, 53
What are the prime factors of 3541?
3541
What are the prime factors of 7161?
3, 7, 11, 31
What are the prime factors of 140?
2, 5, 7
What are the prime factors of 12889?
12889
What are the prime factors of 74517?
3, 59, 421
What are the prime factors of 1091?
1091
List the prime factors of 54792.
2, 3, 761
What are the prime factors of 9811?
9811
List the prime factors of 41747.
109, 383
List the prime factors of 309.
3, 103
List the prime factors of 6239.
17, 367
What are the prime factors of 775?
5, 31
What are the prime factors of 1525?
5, 61
List the prime factors of 4438.
2, 7, 317
List the prime factors of 9346.
2, 4673
What are the prime factors of 59695?
5, 11939
List the prime factors of 21853.
13, 41
List the prime factors of 28934.
2, 17, 23, 37
What are the prime factors of 543?
3, 181
List the prime factors of 155987.
13, 71
List the prime factors of 25080.
2, 3, 5, 11, 19
What are the prime factors of 1595?
5, 11, 29
List the prime factors of 10610.
2, 5, 1061
What are the prime factors of 2515?
5, 503
List the prime factors of 2224.
2, 139
What are the prime factors of 634?
2, 317
List the prime factors of 857.
857
What are the prime factors of 66312?
2, 3, 307
What are the prime factors of 270?
2, 3, 5
What are the prime factors of 140767?
11, 67, 191
What are the prime factors of 52104?
2, 3, 13, 167
What are the prime factors of 30375?
3, 5
List the prime factors of 2084.
2, 521
What are the prime factors of 6163?
6163
List the prime factors of 12776.
2, 1597
What are the prime factors of 5681?
13, 19, 23
What are the prime factors of 874?
2, 19, 23
What are the prime factors of 44225?
5, 29, 61
What are the prime factors of 36427?
73, 499
What are the prime factors of 13601?
7, 29, 67
What are the prime factors of 536?
2, 67
List the prime factors of 111365.
5, 22273
What are the prime factors of 77?
7, 11
List the prime factors of 3836.
2, 7, 137
What are the prime factors of 1022?
2, 7, 73
List the prime factors of 18051.
3, 11, 547
List the prime factors of 1937.
13, 149
List the prime factors of 592.
2, 37
List the prime factors of 2972.
2, 743
What are the prime factors of 8384?
2, 131
What are the prime factors of 1457?
31, 47
What are the prime factors of 12028?
2, 31, 97
What are the prime factors of 8286?
2, 3, 1381
What are the prime factors of 3241?
7, 463
List the prime factors of 72232.
2, 9029
List the prime factors of 13926.
2, 3, 11, 211
List the prime factors of 1322.
2, 661
List the prime factors of 13846.
2, 7, 23, 43
List the prime factors of 48584.
2, 6073
List the prime factors of 24555.
3, 5, 1637
What are the prime factors of 2033?
19, 107
List the prime factors of 36512.
2, 7, 163
What are the prime factors of 644?
2, 7, 23
List the prime factors of 591.
3, 197
List the prime factors of 4501.
7, 643
List the prime factors of 11540.
2, 5, 577
List the prime factors of 19003.
31, 613
List the prime factors of 2293.
2293
What are the prime factors of 3251?
3251
List the prime factors of 14002.
2, 7001
List the prime factors of 2321.
11, 211
What are the prime factors of 24042?
2, 3, 4007
What are the prime factors of 16243?
37, 439
List the prime factors of 1588.
2, 397
List the prime factors of 396.
2, 3, 11
What are the prime factors of 18081?
3, 7, 41
List the prime factors of 2947.
7, 421
What are the prime factors of 33877?
19, 1783
List the prime factors of 12802.
2, 37, 173
What are the prime factors of 5443?
5443
List the prime factors of 763.
7, 109
What are the prime factors of 160821?
3, 107, 167
List the prime factors of 2819.
2819
List the prime factors of 1246.
2, 7, 89
What are the prime factors of 97330?
2, 5, 9733
List the prime factors of 1218.
2, 3, 7, 29
What are the prime factors of 5890?
2, 5, 19, 31
List the prime factors of 9730.
2, 5, 7, 139
List the prime factors of 4143.
3, 1381
What are the prime factors of 12116?
2, 13, 233
What are the prime factors of 62729?
149, 421
What are the prime factors of 19051?
19051
What are the prime factors of 39090?
2, 3, 5, 1303
List the prime factors of 1354.
2, 677
What are the prime factors of 92185?
5, 103, 179
List the prime factors of 81954.
2, 3, 29, 157
What are the prime factors of 13788?
2, 3, 383
What are the prime factors of 11686?
2, 5843
What are the prime factors of 619?
619
What are the prime factors of 9540?
2, 3, 5, 53
What are the prime factors of 23518?
2, 11, 1069
List the prime factors of 19278.
2, 3, 7, 17
List the prime factors of 2043.
3, 227
List the prime factors of 2441.
2441
List the prime factors of 3055.
5, 13, 47
List the prime factors of 4325.
5, 173
What are the prime factors of 8247?
3, 2749
List the prime factors of 8195.
5, 11, 149
What are the prime factors of 42697?
42697
What are the prime factors of 33758?
2, 16879
What are the prime factors of 434?
2, 7, 31
What are the prime factors of 9579?
3, 31, 103
List the prime factors of 486